ue
Let p = 29 + -26. Suppose -p*t + 7 = -8. Suppose 0 = -t*b + 7*b - 118. Is b a composite number?
False
Let k = -112561 + 274772. Is k composite?
True
Let t = 2955 - 1608. Is t composite?
True
Suppose -k = 2*p - 8659, 19*p - 2*k = 20*p - 4337. Is p prime?
True
Let q be ((-21)/42)/((-2)/16). Suppose 0 = 6*v - 3*v + q*s - 1311, -2185 = -5*v - 5*s. Is v a prime number?
False
Suppose 0 = 4*t - 2*f - 12, 0 = -t + 2*f + 1 - 4. Suppose o + t*k - 3861 = -1408, -5*o = -3*k - 12321. Is o a prime number?
False
Suppose -788101 = -65*q + 46*q. Is q prime?
True
Suppose -5*m + 295 = 3*y, -4*y = 4*m - m - 177. Suppose -f = -2*f - m. Let g = f + 118. Is g a composite number?
False
Let h(i) = i**2 - i - 1. Let a(t) = 12*t**2 - 2*t - 9. Let k(f) = a(f) - 3*h(f). Let y be k(5). Let z = y - 85. Is z prime?
True
Suppose p - 7*x = -6*x + 2055, 2*p = -4*x + 4098. Is p a composite number?
False
Let n be 4 + 38 + 4/1. Suppose 19 = -3*a + n. Is 2238/9*a/6 a composite number?
False
Let t(z) = -15*z**3 - 110*z**2 - 21*z - 27. Is t(-16) composite?
False
Let l be 14/56*4*4. Suppose l*w - 189 - 87 = 0. Is w composite?
True
Let h = 1739 - 942. Is h prime?
True
Let r = -1278 - -5719. Is r composite?
False
Suppose -g + 2749 = 5*p - 1301, -p = 2*g - 819. Let f = p - 70. Is f a composite number?
False
Let j be 7 - (-2 - 1)/(-5 - -4). Let n(o) = 16*o**2 + 3*o - 6. Is n(j) prime?
False
Is (4/(-8))/((-613)/(-614) - 1) composite?
False
Let s = -13464 - -26731. Is s a composite number?
False
Suppose -4*q = g + 2*g - 5011, 3*q = g + 3742. Is q a composite number?
False
Is (-20 - 5)*4/(-20) - -3602 a prime number?
True
Is 5/1 - -1*10490 prime?
False
Let s(a) = a**3 + a**2 + 3*a - 13. Is s(6) prime?
True
Is ((-61)/183)/((12/77211)/(-4)) a prime number?
False
Let f(h) = -h**3 + 6*h**2 + 7*h + 10. Let t be f(7). Suppose -4*j = -2 - t. Is 915/10 + j/(-6) a prime number?
False
Suppose -4*x + 4907 - 459 = 0. Let d be (-5)/(-1) + 0/3. Suppose x = d*p - 753. Is p prime?
True
Let w(c) = c**3 + c**2 - 2*c - 3. Let f be w(-1). Let i(g) = -161*g. Is i(f) a composite number?
True
Suppose 4*v + 1507 = -7*v. Let l be 17*-20*(-2)/2. Let r = l + v. Is r a composite number?
True
Let o(q) = -q + 10. Let t = 8 + -2. Let u be o(t). Suppose -3*b = -6, z + 301 = 2*z + u*b. Is z composite?
False
Let w(r) = -96*r + 45. Let u(g) = -48*g + 23. Let v(m) = -11*u(m) + 6*w(m). Is v(-15) composite?
True
Let w = 401 + -212. Suppose -u + 1324 = 3*o, w = o - u - 259. Is o composite?
False
Let y = 10 - 7. Suppose 5*s - 3 = -n + y*s, 0 = -2*n + 3*s + 6. Suppose 0 = -5*i - n*f + 114, 5*i - 155 = -f - 47. Is i composite?
True
Is 3*(7 + 5 + (-35693)/(-3)) prime?
True
Let i be (2 - -37)/((-21)/140). Is (12/8)/((-6)/i) a prime number?
False
Suppose -4*k + 2*a + 1410 = 0, -5*k + a = 2*a - 1773. Suppose -4*i - 995 = -5*w, -72 - k = -2*w - 4*i. Is w a prime number?
False
Let s = -45386 + 88777. Is s composite?
False
Let j = 4772 + -6942. Let p = j + 4531. Is p prime?
False
Suppose -16*i + 1801034 = 57018. Is i a composite number?
False
Let t = 4 + -1. Suppose -p - 7722 = -4*f - 3*p, 5*f - 9652 = -t*p. Is f a prime number?
True
Is 8 - (-10 - (7 + 23572)) a composite number?
True
Let w(k) = k**3 + 13*k**2 - 9*k - 4. Let c = -30 + 52. Suppose -h - h = c. Is w(h) prime?
True
Suppose 0 = 2*p - 2293 - 1521. Suppose 3*v = -4*k + 1697 - 169, 5*k = -3*v + p. Is k prime?
True
Let p be (3/6)/(5/30). Suppose 2*i - 366 - 139 = -p*l, -2*i + 499 = -3*l. Is i composite?
False
Suppose 0 = -56*c + 60*c - 128. Is 2 + 9/(-4) + 6696/c a prime number?
False
Let r = -192 + 338. Suppose 0 = -5*l + 879 + r. Is l prime?
False
Let s(n) = -6*n**2 - 10*n - 4. Let h be s(-4). Let m = -46 - h. Is m composite?
True
Suppose -11 + 15 = -t. Is t/2 - (-1686)/2 a composite number?
True
Suppose -3*g = 15, z + 3*g = -8 - 9. Let o be 130/4 + 1/z. Let q = 201 + o. Is q prime?
True
Suppose -1235 = -7*k + 2*k. Let q = 644 - k. Is q a composite number?
False
Suppose 0 = -8*r + 4*r + 12. Suppose 62 = -r*x - 4*y, -3*x + 3*y - 71 + 2 = 0. Is (2/2)/(-1)*x composite?
True
Let b be (6/(-4))/((-2)/4). Suppose -b*d = -12 - 0. Suppose -3*f - t = t - 209, 5*t - 281 = -d*f. Is f prime?
False
Suppose -4*h = 4*u - 12, 0 = -5*u - 3*h + 2 + 15. Let r be 618/u - 7/(-14). Let a = r + 402. Is a a composite number?
False
Let h(o) = 934*o - 1311. Is h(11) a prime number?
True
Suppose -3*m = -b + 1 + 7, 10 = 3*b - 2*m. Suppose -2*o - 26 = 4*y, -o - 3*y = -b*o + 12. Is 12/(-9) + (-361)/o composite?
True
Suppose 34*u - 4735 = 33*u. Is u a composite number?
True
Let l(y) be the second derivative of y**3/6 - 5*y. Let j be l(2). Suppose 323 = j*w - 183. Is w prime?
False
Let z(h) = -4*h**3 - 4*h**2 + h + 7. Let u be z(-5). Suppose 5*r = 20, -p + 2*r = -0*p - u. Let o = p + -233. Is o a prime number?
False
Suppose p - 3*o - 5089 - 4802 = 0, -3*o = -3*p + 29685. Is p prime?
False
Suppose -f = -5*y + 6785, -594 = -3*y - 4*f + 3477. Is y composite?
True
Suppose 0 = -3*f + 2*h + 3*h + 6730, 20 = -4*h. Suppose -2*v + f = v. Is v composite?
True
Let d(c) = -2*c**3 + 63*c**2 - 28*c - 50. Is d(-17) prime?
False
Suppose s = v + 4, 2*s + 17 = -5*v + 4. Let p(j) = -5*j**2 + 2*j. Let c be p(s). Is (3 + -4 - c) + 783 a prime number?
False
Let j(k) = 9380*k**2 - 5*k - 6. Is j(-1) prime?
False
Let u be 23/7 + (-4)/42*3. Is 4 + 197/u*3 composite?
True
Suppose -3*s + 3*i = -132561, 3*i - 112146 - 64588 = -4*s. Is s a composite number?
True
Let w(v) = -2*v + 21. Let s be w(9). Suppose 0 = s*h - 0*f - f - 1603, -f + 1062 = 2*h. Is h composite?
True
Let w(y) = y**3 - 12*y**2 - 14*y + 19. Let c be w(13). Let f be (-4)/c - (-16)/6. Suppose 0 = f*h - h - 83. Is h prime?
True
Let q = -352 - -645. Is q a composite number?
False
Is 12 + -5 + 9291 + -9 composite?
True
Let h(y) be the third derivative of y**6/60 - y**4/6 - y**3/2 - 3*y**2. Let p be (-3 - -2 - -5)/1. Is h(p) composite?
False
Let a = 15 - 13. Suppose -a*v + 13 = 4*l + v, -11 = -3*l - v. Is (-8)/(-16) + 130/l prime?
False
Let j be (-12)/(-8)*(-14)/3. Is (-12891)/j + 8/(-14) a prime number?
False
Suppose 5*b - 166 = 54. Suppose -10 = -t + b. Suppose 1334 = 4*w - t. Is w a prime number?
True
Let f = -1921 - -3079. Suppose 8*h + f = 10*h. Is h a prime number?
False
Suppose -13 = -3*c + 5. Let k(d) = 3*d**2 - d + 13. Let r be k(c). Suppose -r = 2*s - 3*s. Is s a composite number?
True
Is (12 + 36778/28)*1*2 prime?
False
Let f be (7/(35/(-30)))/(-2). Suppose 4*d - 20 = 4*n, n + 3*n - 15 = -f*d. Suppose 3*r - 433 = -5*x, -d*x + 4*r = 3*r - 449. Is x a prime number?
True
Let f(s) = -15*s - 5*s**2 + 20*s**2 + 2*s**3 + 15 - 3*s**3 + 0*s**3. Is f(10) a prime number?
False
Suppose 4*i = 3*n + 27449 - 1806, 0 = 4*n + 20. Is i a composite number?
True
Suppose -38*g = -40*g + 41986. Is g composite?
True
Suppose t = 3*p - 20340, 0 = -4*p + 9*p - t - 33898. Is p a composite number?
False
Let w be -3 + 2 - (4 + -5). Suppose -o = 5*s + 603, 4*o = -w*o - 3*s - 2497. Is (o/10)/((-22)/55) a prime number?
True
Let n be -4 + 7 - (-2)/2. Suppose 0*s + 4*s - 2*j = 20, 16 = n*s - j. Suppose -s*r + 269 = 4*l + 56, 5*r = -3*l + 168. Is l composite?
True
Suppose 2*l - 4*c = 9082, -3*c = -2*l + 5647 + 3438. Is l prime?
True
Let m(y) = -3816*y**3 + 2*y**2 - 2*y - 3. Is m(-1) a composite number?
True
Suppose -3*z = -z - 8. Suppose -54 - 314 = z*x. Let i = 49 - x. Is i composite?
True
Let f(b) = 541*b. Let t(o) = o**3 - 8*o**2 - 11*o + 19. Let u be t(9). Is f(u) a composite number?
False
Let l = -1 - -5. Suppose -3*u = -4*q + 2*q + 50, -5*q = l*u - 102. Suppose 3*t - q = -2*i + 79, 2*i - 95 = -5*t. Is i a prime number?
False
Let v be (3 + 0)/((-30)/(-20)). Suppose -q - v = -4. Suppose -q*g + 0*g + 4*h = -22, 3*g - 4*h = 41. Is g a prime number?
True
Let u = -1056 - -739. Let x(n) = -100*n - 2. Let q be x(5). Let o = u - q. Is o a composite number?
True
Let q(u) = 43*u + 7. Let c(g) = g - 1. Let a(p) = 2*c(p) + q(p). Let y be a(-9). Is (-8)/36 - y/18 prime?
False
Suppose -4*x = 4*u - 30392, 2*x - 7*x - 2*u = -37999. Is x a composite number?
True
Let b = 11 - 1. Is 4932/b - 1/5 a prime number?
False
Let c be 3 + 31 - (-6)/(-3). Let y be 2/(-16) - (-1988)/c. Suppose y = 4*u - 782. Is u prime?
True
Suppose -4*a = -h - 1287 - 357, 0 = -a - 5*h + 411. Let f = -226 + a. Let z = 66 + f. Is z compos